 d(z) = -2*c(z) - 3*x(z). Let y = 10 - 6. Suppose 4*s = 3*t - 9, -t + y*s = t - 10. Give d(t).
7
Let o(j) = -10 + 10 - 5*j + 1 - j**2. Give o(-6).
-5
Let w(m) be the third derivative of m**6/360 - m**5/120 - m**4/24 - m**3/2 + m**2. Let k(b) be the first derivative of w(b). Calculate k(-3).
11
Let a(r) = r**2 + 5*r + 2. Let l be a(-5). Let g(m) = -2*m - 4*m**2 - 4 + 3*m**2 - 3*m**l + 3. What is g(-1)?
-3
Let c(q) = q + 0 + 7 - 8. What is c(-5)?
-6
Let a(t) = t**2 - 6*t - 4. Let g be ((-8)/(-18))/(2/9). Suppose -5*q - g*w + 32 = 0, -5*w + 21 - 4 = 2*q. Determine a(q).
-4
Let u be (2 - 15/9)*18. Let f be (2/u)/((-1)/(-9)). Let o(t) = t**3 - 2*t**2 - 4*t - 1. Calculate o(f).
-4
Let q(k) = -k + 9. Suppose -4*s - 16 = -4*p - 0*p, 0 = 2*s - 4*p + 6. Let o(u) = -2*u + 19. Let h(l) = s*q(l) + 2*o(l). What is h(4)?
-3
Let u(s) be the third derivative of -s**7/840 - s**6/90 + s**5/60 + s**4/6 + s**3/2 - 5*s**2. Let c(g) be the first derivative of u(g). Determine c(-4).
-4
Let h(r) = -r - 1. Suppose -2*b + 8 = -4*b. Let y = b - -8. Suppose y*i = -9 - 7. Determine h(i).
3
Let b(m) be the first derivative of 1/4*m**4 + 4 - 2*m**3 - 5*m - 7/2*m**2. Calculate b(7).
-5
Let u(s) = s**2 - 2*s - 3. Let b be u(4). Suppose 1 - 4 = -3*k. Let h(o) = 8*o - 6*o**2 - 2*o - k - 5 + o**3. Determine h(b).
-1
Let u(d) = d**3 - 4*d**2 + 4*d - 1. Let p be u(3). Let h(r) = 0*r**2 - 4*r**2 - 2 + p*r - 2*r**2 + 1. What is h(1)?
-5
Let o(t) be the first derivative of -1/2*t**2 - t + 3. Calculate o(-2).
1
Suppose 4*x - 8 = 4*o, -5*x + 2*x - 3*o = 24. Let y(m) = -m**3 - 3*m**2 - m + 4. Give y(x).
7
Let g(h) = -3*h + 8 + 2*h**2 + 7 - 3*h**3 - 14. Give g(2).
-21
Let u = -4 + -1. Let a be 3/4*(-20)/u. Let q(b) be the first derivative of b**2/2 - 7*b + 1. Determine q(a).
-4
Let l be (-2)/(-11) + (-320)/(-55). Let d(s) = l*s**2 + 2 - 2 + 3 + 1 - s + s**3. Determine d(-6).
10
Let y(l) = -l**3 + 1 + 2*l - 1 - 3*l + 2. Suppose -6*d = -d + 3*v, 5*v = 0. Give y(d).
2
Let m be 30/20 - 30/4. Let s(r) = -2*r - 6. Calculate s(m).
6
Suppose 0 = 4*f - 3*g + 35 - 12, -5*g = -5*f - 30. Let i(x) be the second derivative of -x**5/20 - x**4/3 + 2*x**3/3 + 3*x**2/2 - x. Calculate i(f).
8
Let o(g) = -9*g - 19. Let r(z) = 5*z + 10. Let b(a) = 4*o(a) + 7*r(a). What is b(-6)?
0
Let g(i) = 2*i - 7. Let w be 5 - 3 - (-3 + 1). Suppose u - 25 = -w*u. What is g(u)?
3
Suppose 0 = 5*q + 2*u - 2, -5*q = u - 4*u + 3. Let v(n) be the third derivative of q*n + 0 + n**2 - 1/6*n**3 - 1/4*n**4. Give v(1).
-7
Let d(f) = -2*f**2 - 3*f + 4. Let p be d(-3). Let h(y) = y. Let z(x) = -2*x. Let o(b) = 3*h(b) + z(b). Determine o(p).
-5
Let k = 0 + -2. Let h(v) = 5*v - 5*v - 2 + 0 + 2*v. Calculate h(k).
-6
Suppose -5*c = -2*y - 14, -5*c + 1 = -9. Let u = y - -4. Let x(o) = -o**3 + o**2 - 3*o + 3. Give x(u).
-7
Let w(z) = -z**3 - 10*z**2 + 3*z - 2. Let u(k) = k**2 - k + 1. Let l(a) = 5*u(a) + w(a). What is l(-4)?
-5
Let g(l) = -l**2 - 6*l + 6. Let r(d) = -2*d**2 - 12*d + 11. Let x(y) = -5*g(y) + 3*r(y). Give x(-7).
-4
Let g(p) = -p**2 + 6*p - 7. Let w(t) = t**3 + 6*t**2 - t. Let f be 4/6 + 100/(-15). Let n be w(f). Determine g(n).
-7
Let r be 2/10 - 36/(-20). Suppose -r*p = 3*p. Let t(l) be the second derivative of -l**5/20 - l**4/12 + 2*l**2 - 2*l. Calculate t(p).
4
Suppose m = -0*m + 4*j + 9, -3*m = 5*j + 7. Let y(i) = 8. Let r(b) = b. Let w(q) = m*y(q) - 2*r(q). Let c be w(6). Let d(f) = -f**2 - 6*f - 2. Determine d(c).
6
Let y(f) = f + 2. Let c(b) = 7*b + 1. Let d be c(-3). Let h be d/(-1 - 1) - 0. Let r be (-4)/(-6)*45/h. What is y(r)?
5
Suppose 0 = -2*m + m - 2. Let z(x) = -2 + 3 + 6*x + 0. Calculate z(m).
-11
Let v(i) = -34*i**2 - 30*i**2 + 11 - 5*i + 63*i**2 - 5. Suppose 3 = -3*p, 2*a + a + 4*p + 22 = 0. Give v(a).
0
Let k(u) = -u - 6. Let y be ((-8)/(-6))/(10/(-30)). Determine k(y).
-2
Suppose -2*c + 7 = -5*v - 1, -5*c - 1 = -2*v. Let i = 2 - 3. Let a = v + i. Let y(q) = -q - 3. Give y(a).
0
Let t(p) = -p**3 - 3*p**2 + 2*p + 3. Let m(a) = -3*a + 1. Let s be m(-1). Suppose -4*j + 5*n - 18 = -0*j, -4*j - 16 = -s*n. What is t(j)?
-5
Let y(f) = -f**2 + 3*f - 2. Let u(q) = -2*q - 21. Let c be u(-12). What is y(c)?
-2
Let g be (-6)/(-14) - 81/(-7). Suppose 4*t + 0 - g = 0. Let u(k) = -k**2 - 3 - 3*k**2 - k**t + 5*k - 1 + 8. What is u(-5)?
4
Let h(b) = b - 6. Let q be h(8). Let o(z) = 10*z**3 - 19*z**2 - z - 6. Let f(l) = -3*l**3 + 6*l**2 + 2. Let s(a) = q*o(a) + 7*f(a). Calculate s(3).
5
Let m be ((-9)/18)/(1/2). Let c(g) = -8*g + 13. Let a(x) = 4*x - 6. Let p(q) = 13*a(q) + 6*c(q). Give p(m).
-4
Let j(m) = -m**2 + 3*m + 3. Let y be (42/49)/((-2)/(-7)). Calculate j(y).
3
Suppose 7*z - 20 = 3*z. Let k(i) = i**2 - 5*i - 6. What is k(z)?
-6
Let a(q) = -4 + q**2 + 2*q + 0*q**2 - 3*q. Let o(v) = 4*v**2 - 5*v - 21. Let b(y) = -11*a(y) + 2*o(y). Let i be -3 + (4/(2 + 0))/2. Determine b(i).
-12
Suppose 1 = -4*h + 13. Let y(s) be the second derivative of 2/3*s**h + 0 + 3/2*s**2 + 1/12*s**4 + 2*s. What is y(-5)?
8
Let o(s) = -5*s - 16. Let r be -15*(1/1 + 0). Let z = r + 24. Let v(k) = -k - 4. Let c(t) = z*v(t) - 2*o(t). What is c(5)?
1
Suppose 4*t - 4 = -0*t. Let l be t*((0 - -2) + 1). Let j(c) = -c**2 + 3*c - 3. Give j(l).
-3
Let g(p) = -3*p + 2. Let w be (-46)/14 - 5/70*-4. Calculate g(w).
11
Let l(r) = -r**2 - 6*r - 4. Let q(t) = t**3 + 7*t**2 + 3*t + 15. Let m be q(-7). Give l(m).
-4
Let b(r) = r**3 - 4*r**2 - 7*r + 6. Let u(w) = -w**3 + 6*w**2 - 5*w - 3. Let s be u(5). Let k be s + 0 + 2 - -6. What is b(k)?
-4
Let s(k) = 2 - k**2 - 3*k + 1 + 1. Calculate s(-4).
0
Let y(x) = x**3 + 4*x**2 + 3. Let g(k) = 3*k + 9. Let a be g(-4). Determine y(a).
12
Suppose -5 + 0 = -5*o. Let i(h) = 2*h + 4. Let a(l) = 3*l - 13. Let s be a(4). Let j(f) = -1. Let m(v) = s*i(v) - 5*j(v). Calculate m(o).
-1
Let y(r) = r**3 - 3*r - 7. Let g be y(0). Let f(b) be the first derivative of b**2/2 - 3*b + 2. Determine f(g).
-10
Let o = -26 + 20. Let t(a) = a**2 + 6*a + 7. What is t(o)?
7
Suppose -12*l + 16 = -8*l. Let x(m) = 2*m - 4. Give x(l).
4
Let b(h) = h + 1. Let d(i) = -3*i - 3. Let f(r) = 2*b(r) + d(r). Calculate f(5).
-6
Suppose o = -3*x + 3, 7*x = -4*o + 2*x - 9. Let f(z) = z**2 + 8*z + 6. Let a be f(o). Let n(q) = 2*q + 4. Calculate n(a).
-8
Let y(z) = -z**3 - 9*z**2 - 9*z - 2. Let x(w) = -3*w**2 - 9*w - 8. Let l be x(-3). Calculate y(l).
6
Let x(r) = -2*r - 5. Let z(p) = -9*p - 4. Let l be z(0). Give x(l).
3
Let p(g) = g**2 + 6*g + 7. Let b be p(-5). Suppose -3*v + 18 = 3*t, 0*v - v + 10 = 2*t. Let m(q) = t*q**2 + q**b + 7 + 0 - q**3. Calculate m(5).
7
Let p(o) be the first derivative of -o**4/12 + o**3/2 + o**2/2 + 5. Let b(w) be the second derivative of p(w). Calculate b(-3).
9
Let q(l) be the second derivative of l**7/840 + l**6/360 - l**5/120 + 5*l**4/24 + l**3/3 - 3*l. Let a(z) be the second derivative of q(z). What is a(0)?
5
Let v(f) = 6*f**3 + f**2 - 5*f + 1. Let y(h) = h**3 + h**2. Let o(l) = v(l) - 5*y(l). Suppose -g + 0*g + 5 = 0. Suppose a + 0 = g. Give o(a).
1
Let n(h) = -2*h - 32 + 33 + 0*h - 3*h. Let o(v) = -v**2 - 4*v**2 + 3*v - v**3 + 2*v**2 - 3. Let p be o(-4). Calculate n(p).
-4
Let l(f) be the first derivative of -f**4/4 - 2*f**3/3 - 3*f**2/2 - 3*f - 31. Calculate l(-2).
3
Let n(p) = -2*p**3 + p**2 + 5*p - 2. Let z(a) = a**3 - 4*a + 2. Let f(r) = -3*n(r) - 4*z(r). Give f(2).
4
Let s be ((-3)/(-2))/((-6)/16). Suppose -z = -q - 5, 2*z - 5*q - 18 = -2. Let y(u) = -3*u**3 - 5*u**2 + 0 - 5*u + 2*u**3 + z. What is y(s)?
7
Let o be (-2)/2 - (-4 - 1). Let k be (o/2)/(-1 - -2). Let w(i) = -i**3 + 2*i**2 - 2. Give w(k).
-2
Let m(j) be the second derivative of -j**6/360 + j**5/30 - j**3/3 + j. Let g(p) be the second derivative of m(p). Suppose 3*c + 1 = 10. Determine g(c).
3
Let u(f) = -f**3 + 7*f**2 + 7*f - 2. Suppose 29 + 15 = 3*k - 5*a, 16 = k - 2*a. Give u(k).
-10
Let u be (-3 - 0)/(3/(-4)). Let c(w) = -w**2 + 3*w + u*w**2 - 8*w**2 - 3*w**3 + 4*w**3. Give c(3).
-9
Suppose 0 = -3*t + 1 + 5. Let s(k) be the first derivative of k**2/2 - 2. What is s(t)?
2
Let d(a) be the second derivative of 3*a**5/10 - a**4/12 + a**3/6 - a**2/2 - 5*a. What is d(1)?
5
Let z(o) = -o**2 - o + 2. Let b be 0 - (1 + (-2)/(-2)). Let f = -4 - b. Determine z(f).
0
Let h(t) = t**2 + t + 6 - 5 - 5. Determine h(-5).
16
Let i(n) = -3*n - 8. Let o(x) = 4*x + 9. Le